onvert 312313 (base 5) to base 16.
285d
Convert 167 (base 11) to base 12.
142
-13145 (base 7) to base 9
-4732
What is -2392 (base 14) in base 16?
-183c
What is 10001101001001111 (base 2) in base 12?
359a7
What is 1445 (base 6) in base 11?
324
What is -114131 (base 6) in base 13?
-4717
Convert -1602b (base 13) to base 9.
-63272
-203120 (base 7) to base 4
-20132102
274 (base 8) to base 16
bc
-44130 (base 6) to base 3
-22101000
Convert -1100312 (base 5) to base 13.
-8758
Convert 2113003 (base 4) to base 11.
7299
What is 150212 (base 7) in base 16?
70f7
What is 227a (base 15) in base 6?
53511
What is 22642 (base 7) in base 3?
21222021
What is -11110000001 (base 2) in base 5?
-30141
What is 39f (base 16) in base 11?
773
Convert 988 (base 10) to base 3.
1100121
Convert -111111 (base 2) to base 14.
-47
-2200200 (base 5) to base 12
-19892
Convert -107 (base 16) to base 8.
-407
438 (base 12) to base 13
389
What is 101011100110 (base 2) in base 16?
ae6
What is 1707 (base 9) in base 6?
10011
Convert -36351 (base 7) to base 8.
-22344
-347 (base 15) to base 4
-23212
-3336 (base 8) to base 3
-2102010
Convert -2571 (base 14) to base 15.
-1e2c
What is -20001 (base 6) in base 5?
-40333
2351 (base 6) to base 13
34c
1a88 (base 14) to base 7
20031
402034 (base 5) to base 3
122111221
Convert -6240 (base 7) to base 12.
-1320
-12a7 (base 11) to base 14
-88a
Convert 12cc8 (base 16) to base 5.
4431000
Convert -36 (base 16) to base 8.
-66
Convert 275 (base 16) to base 8.
1165
What is -142036 (base 7) in base 11?
-19419
What is -2b71 (base 13) in base 12?
-3809
-364 (base 10) to base 6
-1404
1911 (base 15) to base 16
1528
36732 (base 10) to base 12
19310
What is -1314 (base 13) in base 14?
-dc5
What is -3031 (base 11) in base 5?
-112102
What is -200120 (base 4) in base 16?
-818
Convert 2121 (base 5) to base 9.
347
Convert -11100111100 (base 2) to base 14.
-964
-2121201211 (base 3) to base 16
-c96d
What is -2440 (base 7) in base 16?
-38e
Convert -2233 (base 4) to base 7.
-340
Convert 3877 (base 11) to base 6.
35205
Convert 110011000 (base 2) to base 8.
630
Convert -503503 (base 6) to base 10.
-39711
Convert -191 (base 16) to base 10.
-401
13300 (base 10) to base 3
200020121
Convert 14304 (base 6) to base 3.
10010011
Convert 11110101011000 (base 2) to base 16.
3d58
Convert -126 (base 7) to base 5.
-234
-354 (base 8) to base 10
-236
Convert -a113 (base 11) to base 14.
-4c85
Convert -4023 (base 5) to base 4.
-20001
What is 517 (base 11) in base 2?
1001101111
What is 455134 (base 6) in base 4?
21131002
Convert -480 (base 13) to base 3.
-1001220
7912 (base 13) to base 3
212012111
What is -19a (base 14) in base 16?
-14c
What is -1010001101001 (base 2) in base 16?
-1469
Convert -30137 (base 9) to base 10.
-19798
What is -17b (base 15) in base 4?
-11111
Convert -101300 (base 7) to base 12.
-a015
Convert -101010001011010 (base 2) to base 9.
-32553
820 (base 10) to base 11
686
Convert 17774 (base 10) to base 7.
102551
What is -c48 (base 13) in base 7?
-6042
What is -20310 (base 4) in base 11?
-473
-3344 (base 5) to base 4
-13122
What is 14 (base 16) in base 9?
22
What is 2a4 (base 11) in base 12?
258
What is 773 (base 8) in base 12?
363
Convert 13a0 (base 16) to base 6.
35132
1132030 (base 4) to base 2
1011110001100
What is -236a (base 13) in base 12?
-2a79
-4874 (base 16) to base 9
-27388
What is -66a7 (base 12) in base 13?
-522a
Convert 10010110111 (base 2) to base 6.
5331
-777 (base 15) to base 9
-2274
2100001 (base 3) to base 12
b9a
Convert 726 (base 12) to base 7.
3012
What is -10112 (base 5) in base 11?
-548
What is 10010111000001 (base 2) in base 13?
4526
12040 (base 5) to base 2
1101111111
-16c9 (base 15) to base 7
-20220
Convert 38a2 (base 14) to base 2.
10011011010110
What is -2120021111 (base 3) in base 14?
-14595
What is 430023 (base 5) in base 9?
21656
Convert 41256 (base 9) to base 14.
9c9c
Convert -10320 (base 10) to base 6.
-115440
-101101110100100 (base 2) to base 12
-116b0
-10110011 (base 2) to base 13
-10a
What is 176a7 (base 11) in base 2?
110000011100001
3300 (base 6) to base 4
23310
-121020 (base 3) to base 11
-369
-4063 (base 15) to base 2
-11010100011001
Convert -1085 (base 13) to base 9.
-3142
Convert -c42 (base 16) to base 13.
-1575
-50541 (base 6) to base 8
-15035
-112010 (base 3) to base 6
-1433
Convert -1356 (base 13) to base 11.
-20a3
Convert 28145 (base 10) to base 12.
14355
4306 (base 12) to base 3
101002020
-141421 (base 5) to base 15
-1b0b
-501 (base 9) to base 13
-253
What is -3344 (base 5) in base 9?
-576
71421 (base 9) to base 8
133627
Convert 121200221 (base 3) to base 15.
391a
What is 265d (base 16) in base 6?
113245
What is 421433 (base 5) in base 9?
21167
-2060 (base 7) to base 3
-222222
-203330 (base 4) to base 11
-1801
-899a (base 11) to base 2
-10111001000110
Convert 141541 (base 6) to base 12.
78b1
-17109 (base 10) to base 16
-42d5
211111 (base 3) to base 4
21133
What is -11a6 (base 15) in base 4?
-322230
What is 2617 (base 9) in base 11?
1522
What is -1373 (base 8) in base 7?
-2140
What is 102234 (base 5) in base 11?
2651
What is 1254 (base 6) in base 8?
502
What is 102254 (base 8) in base 3?
1201120221
What is -330202 (base 4) in base 3?
-12022111
What is 10121 (base 4) in base 15?
13b
Convert 1310 (base 11) to base 10.
1705
-9 (base 16) to base 11
-9
What is 13144 (base 6) in base 8?
3730
-210010211 (base 3) to base 15
-4877
Convert -4382 (base 9) to base 12.
-1a55
What is 503 (base 8) in base 6?
1255
Convert 2a9 (base 12) to base 7.
1134
What is -323313 (base 5) in base 8?
-25513
f719 (base 16) to base 9
105685
Convert -1121120 (base 3) to base 12.
-820
-100010111 (base 2) to base 13
-186
-10000211 (base 3) to base 6
-14121
What is 2394 (base 11) in base 15?
dd8
What is 286 (base 13) in base 8?
700
34266 (base 7) to base 3
102222000
-354402 (base 7) to base 9
-106706
13113 (base 4) to base 11
399
665 (base 9) to base 8
1041
What is 2ee (base 15) in base 6?
3042
321342 (base 5) to base 9
15782
What is 5110 (base 12) in base 3?
110001210
Convert -20122 (base 5) to base 12.
-8b3
14a (base 16) to base 14
198
Convert -21202 (base 4) to base 6.
-2454
What is 1022022101 (base 3) in base 11?
18381
596 (base 11) to base 2
1011000110
What is -448a (base 11) in base 12?
-3502
Convert -4131 (base 8) to base 11.
-1673
Convert 1126 (base 9) to base 6.
3510
e2e (base 16) to base 5
104010
What is -a9a (base 11) in base 14?
-6a3
Convert -11001 (base 3) to base 11.
-9a
-366 (base 9) to base 12
-213
484 (base 11) to base 2
1001000000
b6a (base 12) to base 13
9b2
What is -2002100 (base 3) in base 12?
-a69
Convert -177 (base 14) to base 12.
-211
1000001110 (base 2) to base 11
439
21233 (base 5) to base 4
112203
Convert 11011010 (base 2) to base 10.
218
What is -11000111100 (base 2) in base 8?
-3074
What is 632 (base 8) in base 10?
410
Convert 1720 (base 9) to base 15.
5c9
Convert 10020 (base 5) to base 7.
1565
3023233 (base 5) to base 3
2110121211
What is 42 (base 8) in base 11?
31
What is 10213023 (base 4) in base 15?
58e6
Convert -1126 (base 8) to base 16.
-256
What is -3b4b (base 16) in base 14?
-5763
1548 (base 10) to base 9
2110
Convert -6642 (base 7) to base 13.
-1113
What is -14915 (base 15) in base 14?
-1a186
Convert 658 (base 9) to base 8.
1033
Convert -366 (base 14) to base 11.
-567
What is 291 (base 10) in base 12?
203
21000212 (base 3) to base 12
2b72
869 (base 16) to base 9
2852
Convert -1000011011110 (base 2) to base 4.
-1003132
What is a7 (base 16) in base 5?
1132
e820 (base 16) to base 10
59424
Convert 1db (base 15) to base 7.
1154
Convert -1000000 (base 3) to base 11.
-603
What is -3401 (base 7) in base 5?
-14401
What is -11233 (base 4) in base 10?
-367
7286 (base 12) to base 16
30c6
What is -9d4 (base 16) in base 10?
-2516
Convert 101101110010 (base 2) to base 12.
1842
Convert -22194 (base 12) to base 2.
-1011000010000000
What is 53a7 (base 13) in base 8?
26555
What is ab2 (base 12) in base 5?
22244
Convert 300211 (base 4) to base 14.
11c1
Convert 3010100 (base 5) to base 7.
255362
Convert 23331213 (base 4) to base 10.
48999
What is 202221 (base 3) in base 8?
1065
Convert 11122 (base 4) to base 14.
1aa
Convert -452 (base 11) to base 9.
-661
100000101 (base 2) to base 6
1113
11006 (base 7) to base 16
abe
Convert -10400 (base 7) to 